sor of g and i.
21
Let l = -11954 + 12003. Calculate the greatest common factor of l and 34447.
49
Let b(d) = -7*d - 30. Let k be b(-7). Suppose 4*r + k = 27. Let o be r + -5 - (-3 + -24). What is the greatest common divisor of o and 3?
3
Let l = 7097 + -2466. Calculate the highest common divisor of l and 11.
11
Let z(c) = c**3 - 17*c**2 + 34*c - 262. Let r be z(16). Calculate the highest common factor of r and 481.
13
Suppose -32*u + 541851 - 133530 = 39*u. Calculate the highest common divisor of 81 and u.
81
Suppose 7*i = -s + 9167, 16*s + 2614 = 2*i + 15*s. Calculate the highest common factor of 17 and i.
17
Let a be ((-114)/(-10) + 1)/(44/110). Let z = 28 - 50. Let x = z + a. Calculate the greatest common factor of 63 and x.
9
Let i(c) = 361*c + 400. Let g be i(-1). Calculate the greatest common divisor of g and 416.
13
Let a(h) = -h**3 - h**2 - 4*h + 2. Let b be a(0). Let r be (-966)/(4 + -6) - 4/b. Calculate the highest common factor of r and 37.
37
Suppose -93*d + 90*d + 5*u = -112, 2*d - 126 = -4*u. What is the greatest common factor of 16807 and d?
49
Let f(d) = d**3 - 11*d**2 + 17*d - 12. Let h be f(10). Let s = -271 - -329. Calculate the greatest common factor of h and s.
58
Suppose -5*h + 9971 = -4*l, -6*h - 1992 = -7*h + 3*l. Calculate the greatest common divisor of h and 315.
105
Let v(t) be the third derivative of 23*t**5/60 + t**4/8 + t**3/6 - 78*t**2. Let z be v(2). Calculate the greatest common divisor of 132 and z.
33
Let d(q) = 17*q - 15. Let p be d(1). Suppose -2*x + 6*x = 0, -4*z - p*x = -36. Calculate the greatest common factor of 27 and z.
9
Let o = -89 - -89. Suppose o = -5*m - 2*z + 160, -3*m - 2*m + 160 = 3*z. Calculate the highest common divisor of 32 and m.
32
Let l(w) = 658*w + 3644. Let a be l(-5). Calculate the highest common divisor of a and 96.
6
Suppose -980*v + 2544 = -968*v. What is the greatest common divisor of v and 477?
53
Let y be (1*-1)/(3/(-69)). Suppose -9*x = 3*x + 5988. Let r = -407 - x. What is the highest common factor of y and r?
23
Let d(u) = 20*u + 140. Let n be d(14). Suppose n*j + 72 = 423*j. Calculate the greatest common factor of j and 162.
6
Let b(q) = 2*q**2 - 22*q + 39. Let o be b(30). Suppose 14*v - 543 = o. Calculate the highest common factor of v and 41.
41
Let v(y) = 2*y**2 - 36*y + 706. Let b be v(29). Calculate the highest common factor of 3264 and b.
192
Suppose -3*w + 54 = -2*w - 2*h, 5*w - h - 270 = 0. Let f be 4776/40 + (-3 - w/(-15)). What is the greatest common divisor of 100 and f?
20
Suppose -11 - 5 = -2*j. Let f be (-9200)/(-552) + 7/3. Suppose f*r - j - 524 = 0. Calculate the greatest common factor of 2 and r.
2
Let d(v) = 11*v - 51. Let m be d(5). Suppose m*l - 4*b - 148 = -2*b, 0 = -3*l - 3*b + 129. What is the greatest common factor of 39 and l?
39
Suppose -520 = -k + 2*g - 168, 0 = -k - 3*g + 352. Suppose x + k = 12*x. What is the highest common factor of 96 and x?
32
Let k be (-2 - -3)*-5 + 523 + -12 + 1. What is the greatest common divisor of 845 and k?
169
Let b be (92/(-69))/(4/186*-1). What is the highest common factor of b and 3844?
62
Let v be 4/(6/(-4) - -1). Let k(z) = -z**2 - 10*z - 13. Let b be k(v). Let f = 13 - 11. Calculate the highest common divisor of b and f.
1
Suppose -15*s + 9634 = 1084. Calculate the highest common divisor of 627 and s.
57
Suppose 49644 = 538*p + 53*p. Calculate the highest common divisor of p and 13776.
84
Suppose 4*w = -5*f - 3 - 1, -5*w = 5*f. Suppose -w*k + 95 = 5*j - 12, -3*j + 67 = k. Let n be (22 + 3 - 2)*10. Calculate the highest common divisor of n and j.
23
Let v = 64 - 58. Let i be 27/(-15)*160/(-6). Calculate the highest common factor of v and i.
6
Suppose -6*t = 4*x - 3*t - 28, 2*x + 2*t = 16. Suppose k - 10 - x = 0. Suppose 0 = 16*r - 646 - 922. What is the highest common factor of k and r?
14
Suppose 2*i = -o + 26, 4*i - o = -2*o + 50. Let x be 7750/i + 20/120. Suppose 11*d + 151 = x. Calculate the greatest common factor of d and 5.
5
Suppose j + 341*b - 339*b = 14, 2*b - 26 = -4*j. Calculate the highest common divisor of j and 5476.
4
Let n(v) = 2*v**2 + 6*v. Let u be n(-4). Let g = 110 - 105. Suppose -156 = -g*k + 284. Calculate the greatest common divisor of u and k.
8
Suppose 0 = 4*l - 4, -3*l - 84 = 4*h - 207. Let n = 80 - 78. Let g be (28/14)/(n/15). Calculate the highest common factor of h and g.
15
Suppose 5*d + 5*i = -3916 + 876, d + 5*i = -628. Let b = d - -653. Let k be -2 - (0 + 0 + -22). Calculate the greatest common factor of b and k.
10
Suppose 0 = 5*z - 3*z - 10. Let k(q) = -63*q - 35 + 6 + 125*q + 0*q**2 + q**2 - 67*q. Let j be k(-7). Calculate the greatest common factor of j and z.
5
Suppose -45*s + 125*s - 4*s - 160132 = 0. What is the greatest common divisor of 931 and s?
49
Let m be 7 - (3/(-30)*-92)/(2/(-10)). What is the greatest common divisor of 7261 and m?
53
Let q = -3133 - -4000. What is the highest common factor of 561 and q?
51
Let z = 778 - 127. Let i = -648 + z. Calculate the greatest common factor of 435 and i.
3
Let y be (-5 + 7 + 85)*(0 + 24/18). What is the greatest common divisor of 108 and y?
4
Let k = 215 + -176. Suppose -23*o - 505 = -4392. Calculate the highest common factor of o and k.
13
Let w = -248 - -252. Suppose -4*c - w*f = -224, 4*f = -4*c + 6*f + 200. Calculate the greatest common factor of 13 and c.
13
Suppose g - k = 109, 2*k - 18 = 4*g - 460. Let x = -147 + g. Let y = x + 63. What is the highest common factor of 28 and y?
28
Let a(k) = -2*k**3 + 29*k**2 + 14*k + 29. Suppose -32 = -2*h - t, 2*h + 6*t = t + 40. Let o be a(h). Calculate the highest common factor of 70 and o.
14
Let k = 1665 - 1082. Suppose -231 = 11*a - k. What is the highest common factor of 2 and a?
2
Suppose -i - 7*l + 8*l + 40 = 0, -8*l = i - 85. Calculate the highest common factor of 165 and i.
15
Suppose -4*f = 3*c + 5, -f - 10 = 3*c - 2*f. Let u be c/18*4*-21. Suppose 0 = -10*n + 6 + u. What is the greatest common divisor of n and 2?
2
Suppose 3*k + 4*f - 19 = 8, -3*f - 45 = -5*k. Suppose k*l = 6*l + 3*r + 24, -r + 32 = 3*l. What is the highest common factor of 370 and l?
10
Suppose -35*m + 3997 = -2758. What is the highest common factor of 24318 and m?
193
Let i = 19 + -16. Let y = 24 - i. What is the greatest common divisor of 119 and y?
7
Let y = -30 + 24. Let v be 23 - (6 + -5)*y/(-3). What is the highest common divisor of 21 and v?
21
Suppose -5*n = -40, -929*m = -934*m + 3*n + 6811. Calculate the highest common factor of m and 2.
1
Suppose 155 = 2*g + 3*g. Let m = 121 + g. Suppose 62*j - 465 = -46*j + 1587. Calculate the highest common divisor of m and j.
19
Suppose 94*a + 94*a - 65424 = 0. Calculate the highest common factor of a and 7018.
58
Let p = 1505 - 98. What is the greatest common factor of p and 134?
67
Let n = 2940 - 2912. Let v be (14/(-4))/((-10)/(-4))*-5. Calculate the greatest common factor of n and v.
7
Let f = 21 + 15. Let l(w) be the first derivative of 11*w**3/3 + 20*w**2 - 4*w + 70. Let p be l(-4). Calculate the highest common factor of f and p.
12
Suppose 34*n - 19*n = 661 + 2279. What is the greatest common divisor of 84 and n?
28
Suppose 4*d = 6*d - 4. Let g be (-435)/(-5) - (d - 6/2). Let o = -67 + g. What is the highest common divisor of o and 7?
7
Let b = -330 + 402. Suppose -159 - b = -11*g. Calculate the highest common divisor of 42 and g.
21
Suppose 61*v - 42*v = 39*v - 8580. What is the highest common factor of 65 and v?
13
Suppose -2*a = -4*i - 1286, 2962 = 3*a + 2*i + 1089. What is the greatest common divisor of 68 and a?
17
Suppose 92*h + 37068 = 338644. What is the highest common divisor of h and 110?
22
Let q = -180 - -218. Let l = -5 + -107. Let h = 207 + l. Calculate the greatest common divisor of q and h.
19
Suppose -2*v + 2986 = v + 10*z, 0 = 3*v - 4*z - 2972. What is the highest common factor of v and 620?
124
Let n(p) = -177 + 11*p + 2*p**2 - 3*p**2 + 151. Let r be n(5). Calculate the highest common factor of r and 12.
4
Suppose 1755 = 4*q + 9*k - 14*k, 3*q - 1319 = k. Let r = q - 434. What is the highest common divisor of 48 and r?
6
Let m = 57 - 30. Suppose m*q - 31*q = -448. What is the greatest common factor of 16 and q?
16
Let w(k) be the first derivative of k**3/3 + 6*k**2 - 40*k + 158. Let l be w(5). Calculate the highest common facto